e prime factors of 4359976524.
2, 3, 31, 53, 24571
List the prime factors of 58125355.
5, 131, 88741
List the prime factors of 1509991504.
2, 7, 617, 21851
List the prime factors of 79545780.
2, 3, 5, 19, 7753
What are the prime factors of 1183835520?
2, 3, 5, 7, 9787
List the prime factors of 1513456363.
31, 48821173
List the prime factors of 342287535.
3, 5, 2957, 7717
List the prime factors of 345133032.
2, 3, 23, 47, 53, 251
What are the prime factors of 70672240?
2, 5, 401, 2203
List the prime factors of 220017550.
2, 5, 4400351
List the prime factors of 530161592.
2, 17, 23, 169489
List the prime factors of 928995320.
2, 5, 11, 2111353
List the prime factors of 402191781.
3, 134063927
What are the prime factors of 70603851?
3, 23534617
List the prime factors of 419581635.
3, 5, 11, 2542919
What are the prime factors of 372814914?
2, 3, 7549, 8231
What are the prime factors of 34873619?
11, 359, 8831
List the prime factors of 24555429.
3, 17, 19, 8447
What are the prime factors of 138131012?
2, 2411, 14323
List the prime factors of 49817995.
5, 137, 72727
List the prime factors of 2578199268.
2, 3, 499, 557, 773
List the prime factors of 1704951339.
3, 7, 13, 19, 41, 8017
List the prime factors of 1275925298.
2, 947, 673667
List the prime factors of 168777631.
11, 15343421
List the prime factors of 3893097920.
2, 5, 17, 715643
List the prime factors of 13099087.
13099087
What are the prime factors of 27875155?
5, 7, 11, 17, 4259
List the prime factors of 360130863.
3, 107, 433, 2591
What are the prime factors of 33610875?
3, 5, 47, 1907
What are the prime factors of 3202699336?
2, 113, 3542809
List the prime factors of 115483425.
3, 5, 19, 81041
What are the prime factors of 91009747?
2609, 34883
List the prime factors of 2038555264.
2, 15926213
What are the prime factors of 19215273?
3, 7, 11, 193, 431
What are the prime factors of 47736915?
3, 5, 41, 77621
What are the prime factors of 520002781?
379, 421, 3259
List the prime factors of 95018812.
2, 7, 37, 41, 2237
What are the prime factors of 17164497?
3, 7, 817357
List the prime factors of 460679485.
5, 7, 41, 321031
List the prime factors of 123709948.
2, 307, 100741
List the prime factors of 3138603397.
773, 4060289
List the prime factors of 363593282.
2, 13, 59, 421, 563
List the prime factors of 706785071.
29, 24371899
What are the prime factors of 1059623716?
2, 43, 59, 104417
List the prime factors of 44006170.
2, 5, 13, 167, 2027
List the prime factors of 1160443744.
2, 313, 115859
List the prime factors of 264221695.
5, 19, 53, 97, 541
List the prime factors of 4796414634.
2, 3, 11, 263, 276323
List the prime factors of 110603196.
2, 3, 11, 25391
What are the prime factors of 10388661?
3, 59, 58693
List the prime factors of 77275502.
2, 113, 341927
List the prime factors of 525950947.
17, 2309, 13399
What are the prime factors of 905865689?
17, 53286217
What are the prime factors of 877263315?
3, 5, 58484221
What are the prime factors of 47586342?
2, 3, 89, 89113
What are the prime factors of 222750278?
2, 167, 757, 881
What are the prime factors of 878696140?
2, 5, 7, 23, 272887
What are the prime factors of 1705745787?
3, 89, 2083, 3067
What are the prime factors of 100911812?
2, 19, 61, 21767
What are the prime factors of 78667781?
78667781
List the prime factors of 28851432.
2, 3, 79, 15217
List the prime factors of 9144608066.
2, 11, 18059, 23017
List the prime factors of 32010702.
2, 3, 5335117
What are the prime factors of 82240470?
2, 3, 5, 13, 5407
List the prime factors of 1255031311.
31, 5791, 6991
What are the prime factors of 287452376?
2, 47, 764501
What are the prime factors of 7868674?
2, 11, 357667
List the prime factors of 2294836488.
2, 3, 7, 1517749
List the prime factors of 1821495639.
3, 607165213
What are the prime factors of 1514441055?
3, 5, 1031, 97927
What are the prime factors of 38807321?
7, 5543903
What are the prime factors of 140306685?
3, 5, 9353779
What are the prime factors of 1263371789?
21383, 59083
List the prime factors of 1980999769.
7, 5623, 50329
What are the prime factors of 59561066?
2, 29780533
List the prime factors of 112882653.
3, 13, 107201
List the prime factors of 2035991945.
5, 13, 1051, 29803
What are the prime factors of 4178188?
2, 7, 37, 109
What are the prime factors of 164927543?
11, 19, 41, 1013
What are the prime factors of 177681052?
2, 67, 409, 1621
List the prime factors of 2789136226.
2, 1394568113
List the prime factors of 48707705.
5, 9741541
List the prime factors of 47876466.
2, 3, 11, 19, 73, 523
List the prime factors of 736033627.
7, 149, 705689
What are the prime factors of 2457757751?
41, 43, 211, 6607
List the prime factors of 4126527136.
2, 311, 414643
What are the prime factors of 394321689?
3, 317, 5119
List the prime factors of 24130762.
2, 127, 95003
What are the prime factors of 70349744?
2, 887, 4957
What are the prime factors of 1303852102?
2, 7, 37, 2517089
What are the prime factors of 657653856?
2, 3, 1117, 6133
What are the prime factors of 878888693?
863, 1018411
List the prime factors of 856587726.
2, 3, 313, 152039
What are the prime factors of 213763045?
5, 53, 211, 3823
What are the prime factors of 3785571602?
2, 37, 1499, 34127
List the prime factors of 1908408078.
2, 3, 106022671
List the prime factors of 24933287.
769, 32423
What are the prime factors of 819589642?
2, 83, 4937287
What are the prime factors of 73854327?
3, 24618109
What are the prime factors of 11855769?
3, 3951923
List the prime factors of 89133720.
2, 3, 5, 13, 17, 3361
List the prime factors of 348441365.
5, 479, 145487
What are the prime factors of 3012011?
23, 130957
What are the prime factors of 891130288?
2, 197, 269, 1051
What are the prime factors of 47329227?
3, 11, 191, 2503
List the prime factors of 49743158.
2, 23, 31, 34883
List the prime factors of 127556900.
2, 5, 1275569
What are the prime factors of 23788180?
2, 5, 13, 91493
What are the prime factors of 43830529?
67, 654187
List the prime factors of 708875.
5, 53, 107
What are the prime factors of 119968870?
2, 5, 7, 41, 41801
List the prime factors of 51311424.
2, 3, 179, 1493
What are the prime factors of 293159049?
3, 197, 496039
What are the prime factors of 419188382?
2, 151, 1388041
What are the prime factors of 1683416869?
211, 7978279
List the prime factors of 134242527.
3, 89, 502781
What are the prime factors of 15829413?
3, 19, 331, 839
What are the prime factors of 2062791214?
2, 11, 191, 281, 1747
What are the prime factors of 34744901?
19, 113, 16183
List the prime factors of 133418396.
2, 33354599
What are the prime factors of 106537875?
3, 5, 43, 6607
What are the prime factors of 92108256?
2, 3, 959461
What are the prime factors of 371393817?
3, 19, 571, 11411
What are the prime factors of 1179801278?
2, 337, 1750447
List the prime factors of 7304456.
2, 631, 1447
What are the prime factors of 238607360?
2, 5, 29, 1607
List the prime factors of 48138583.
283, 170101
List the prime factors of 42976400.
2, 5, 107441
List the prime factors of 833064649.
833064649
List the prime factors of 441426808.
2, 55178351
What are the prime factors of 1053671789?
1053671789
List the prime factors of 3631753.
3631753
List the prime factors of 171615388.
2, 7, 29, 211349
What are the prime factors of 1862614186?
2, 593, 1570501
List the prime factors of 77309618.
2, 38654809
What are the prime factors of 444878009?
29, 15340621
What are the prime factors of 15608718?
2, 3, 867151
List the prime factors of 3347142195.
3, 5, 1733, 128761
What are the prime factors of 35067758?
2, 11, 31, 51419
List the prime factors of 560859335.
5, 97, 263, 4397
What are the prime factors of 75515707?
1193, 63299
List the prime factors of 7530282883.
29, 37, 139, 1741
List the prime factors of 20410237.
19, 1074223
What are the prime factors of 2868393?
3, 11, 17, 5113
What are the prime factors of 3370825312?
2, 105338291
List the prime factors of 5694383974.
2, 41, 307, 226201
What are the prime factors of 1473990484?
2, 107, 3443903
List the prime factors of 40468820.
2, 5, 7, 289063
What are the prime factors of 2098052243?
7, 299721749
List the prime factors of 37662331.
7, 359, 2141
List the prime factors of 1297621685.
5, 1069, 242773
List the prime fac